{"id":1740,"date":"2009-03-12T15:31:52","date_gmt":"2009-03-12T14:31:52","guid":{"rendered":"http:\/\/www.darloup.com\/blog\/?page_id=1740"},"modified":"2021-03-17T02:02:15","modified_gmt":"2021-03-17T07:02:15","slug":"les-recettes-de-cuisine","status":"publish","type":"page","link":"https:\/\/www.darloup.com\/blog\/la-colombie\/les-costenos\/gastronomie\/les-recettes-de-cuisine\/","title":{"rendered":"Les recettes de cuisine coste\u00f1a (1)"},"content":{"rendered":"<table cellspacing=\"10\" align=\"center\">\n<tbody>\n<tr>\n<td><img loading=\"lazy\" decoding=\"async\" src=\"http:\/\/www.darloup.com\/blog\/pix\/flag.jpg\" alt=\"Drapeau de la Colombie\" width=\"121\" height=\"81\" align=\"middle\" border=\"0\" \/><\/td>\n<td><img loading=\"lazy\" decoding=\"async\" src=\"http:\/\/www.darloup.com\/blog\/pix\/flagatl.jpg\" alt=\"Drapeau de l'Atl\u00e1ntico\" width=\"121\" height=\"73\" border=\"0\" \/><\/td>\n<td><img loading=\"lazy\" decoding=\"async\" src=\"http:\/\/www.darloup.com\/blog\/pix\/flagbar.jpg\" alt=\"Drapeau de Barranquilla\" width=\"121\" height=\"73\" border=\"0\" \/><\/td>\n<\/tr>\n<\/tbody>\n<\/table>\n<div>\u00a0<\/div>\n<div>\u00a0<\/div>\n<div>\u00a0<\/div>\n<div><span class=\"styleb\">Les recettes de cuisine <\/span><span style=\"color: #ff0000;\"><strong><span class=\"styleb\">coste\u00f1a<\/span><\/strong><\/span><br \/>\n\u00a0<\/div>\n<div>A l&rsquo;instar de la France, la Colombie poss\u00e8de une gastronomie \u00e9tonnante, et souvent m\u00e9connue, dont la diversit\u00e9 est bas\u00e9e sur les r\u00e9gions, les climats, les traditions et surtout sur les produits locaux.<\/div>\n<div>\u00a0<\/div>\n<div>La c\u00f4te carib\u00e9enne (<span style=\"color: #ff0000;\"><strong>La Costa<\/strong><\/span>) poss\u00e8de naturellement sa propre gastronomie bas\u00e9e principalement sur les produits de la mer et l&rsquo;abondance de fruits et l\u00e9gumes dans cette r\u00e9gion chaude et humide \u2013 sans oublier les omnipr\u00e9sentes soupes (en d\u00e9pit du climat de La C\u00f4te) !<\/div>\n<div>\u00a0<\/div>\n<div>Explorons donc ensemble les diff\u00e9rentes recettes de cuisine de la gastronomie <span style=\"color: #ff0000;\"><strong>coste\u00f1a<\/strong><\/span> !<\/div>\n<div>\u00a0<\/div>\n<div><u><strong>Note<\/strong><\/u> : <a href=\"mailto:darloup@darloup.com?subject=Recette de cuisine\">Contactez-moi<\/a> pour partager vos recettes pr\u00e9f\u00e9r\u00e9es de la gastronomie <span style=\"color: #ff0000;\"><strong>coste\u00f1a<\/strong><\/span>, que ce soit un plat typique de La C\u00f4te ou bien m\u00eame une recette de jus de fruit. Je me ferai un plaisir de la publier dans cette section.<\/div>\n<div>\u00a0<\/div>\n<div><span class=\"stylec\">1) Arroz con coco<\/span> <strong>(riz \u00e0 la noix de coco<\/strong>)<\/div>\n<div>\u00a0<\/div>\n<table cellspacing=\"10\" align=\"center\">\n<tbody>\n<tr>\n<td valign=\"center\"><a title=\"Arroz con coco\" href=\"http:\/\/www.darloup.com\/blog\/pix\/ac.jpg\" rel=\"lightbox\"><img loading=\"lazy\" decoding=\"async\" title=\"(cliquer pour agrandir)\" src=\"http:\/\/www.darloup.com\/blog\/pix\/ac.jpg\" alt=\"\" width=\"200\" height=\"150\" align=\"center\" border=\"0\" \/><\/a> <br \/>\n<center><em><strong>Arroz con coco<\/strong><\/em><\/center><\/td>\n<\/tr>\n<\/tbody>\n<\/table>\n<div>Chaque r\u00e9gion de la Colombie, pour ne pas dire chaque famille colombienne, poss\u00e8de sa propre recette jalousement gard\u00e9e.<\/div>\n<div>\n<p>Voici la version <span style=\"color: #ff0000;\"><strong>coste\u00f1a<\/strong><\/span>. Ce plat est servi en garniture et accompagne pratiquement n&rsquo;importe quel plat (poissons, poulet, viandes rouges, etc&#8230;).<\/p>\n<div>\u00a0<\/div>\n<div><strong><u>Recette fournie par<\/u> : Bamacellist<\/strong><\/div>\n<div>\u00a0<\/div>\n<div><strong><u>Ingr\u00e9dients<\/u> : (pour 4 personnes)<\/strong><\/div>\n<div>\u00a0<\/div>\n<div>&#8211; Une bo\u00eete (400ml) de lait de coco (que vous pouvez trouver chez Leclerc, par exemple)<br \/>\n&#8211; 500 grammes de riz (type am\u00e9ricain \u00e0 longs grains &#8211; incollable ou non)<br \/>\n&#8211; 2 cuill\u00e8res \u00e0 soupe (30cl) d&rsquo;huile d&rsquo;arachide ou de tournesol<br \/>\n&#8211; eau bouillante (deux fois le volume du riz)<br \/>\n&#8211; 1 cuill\u00e8re \u00e0 soupe (15 grammes) de sucre en poudre (sucre de canne de pr\u00e9f\u00e9rence)<br \/>\n&#8211; 1 cuill\u00e8re \u00e0 caf\u00e9 (5 grammes) de sel<br \/>\n&#8211; 250 grammes de raisins secs<br \/>\n&#8211; poivre (en option) \u00a0<\/div>\n<div>\u00a0<\/div>\n<div><strong><u>Instructions<\/u> :<\/strong><\/div>\n<div>\u00a0<\/div>\n<div>1) La premi\u00e8re op\u00e9ration consiste \u00e0 faire r\u00e9duire le lait de coco (c&rsquo;est sans doute la partie la plus difficile de la recette). Vous devez imp\u00e9rativement utiliser un grand fait-tout de bonne qualit\u00e9 (avec un fond \u00e9pais pour que rien n&rsquo;y attache). Versez-y le lait de coco, puis faites chauffer \u00e0 feu moyen (4-5). Apr\u00e8s 5 minutes, le lait de coco va commencer \u00e0 se s\u00e9parer en huile de coco et en pulpe de coco. Apr\u00e8s 10 minutes, la pulpe de coco va commencer \u00e0 blondir, puis \u00e0 roussir. A ce stade, vous devez imp\u00e9rativement remuer sans cesse le m\u00e9lange avec une cuill\u00e8re en bois afin que la pulpe de coco n&rsquo;attache pas au fond du fait-tout. Le but est d&rsquo;obtenir une base d&rsquo;huile de coco translucide dans laquelle nageront les particules de pulpe de coco. Vous aurez l&rsquo;impression d&rsquo;avoir compl\u00e8tement g\u00e2ch\u00e9 la recette, mais le but ultime de cette premi\u00e8re op\u00e9ration consiste \u00e0 faire roussir les particules de pulpe de coco dans l&rsquo;huile de coco (c&rsquo;est ce qui d&rsquo;ailleurs donne la merveilleuse couleur ambr\u00e9e \u00e0 ce plat). Lorsque les amalgames de pulpe de coco sont marron fonc\u00e9 (et non pas noir !), ce qui devrait prendre 15 minutes depuis le d\u00e9but de l&rsquo;op\u00e9ration, r\u00e9duisez l\u00e9g\u00e8rement le feu (3-4), puis ajoutez le riz ainsi que l&rsquo;huile (30cl).<\/div>\n<div>\u00a0<\/div>\n<div>2) La seconde op\u00e9ration consiste \u00e0 faire cuire le riz de fa\u00e7on \u00ab\u00a0pilaf\u00a0\u00bb. C&rsquo;est \u00e0 dire que, pour commencer, vous devez faire revenir le riz dans le m\u00e9lange huile\/pulpe de coco. Apr\u00e8s avoir ajout\u00e9 l&rsquo;huile et le riz, remuez constamment pendant 5 minutes. En absorbant l&rsquo;huile, les grains de riz se s\u00e9pareront et commenceront \u00e0 devenir translucides.<\/div>\n<div>\u00a0<\/div>\n<div>3) R\u00e9duisez maintenant le feu au minimum (1). Ajoutez l&rsquo;eau bouillante (attention aux projections, car le m\u00e9lange riz\/huile sera tr\u00e8s chaud). La r\u00e8gle est d&rsquo;ajouter deux fois plus d&rsquo;eau bouillante que de riz. Donc, pour 500 grammes de riz, ajouter un litre d&rsquo;eau bouillante (il est imp\u00e9ratif que l&rsquo;eau ajout\u00e9e soit bouillante pour r\u00e9ussir la recette). Remuez bien le m\u00e9lange. Ajoutez maintenant le sucre (15 grammes), l&rsquo;huile (30 cl), le sel (5 grammes) et les raisins secs (250 grammes). Remuez bien le m\u00e9lange.<\/div>\n<div>\u00a0<\/div>\n<div>4) Couvrez le fait-tout, puis toujours \u00e0 feu minimum (1), laissez cuire pendant 15 minutes. Apr\u00e8s ces 15 minutes de cuisson, vous devez maintenant surveiller les 5 prochaines minutes (le temps total de cuisson est de 20 minutes, c&rsquo;est \u00e0 dire jusqu&rsquo;\u00e0 ce que le riz ait absorb\u00e9 toute l&rsquo;eau). Remuez constamment le m\u00e9lange en vous assurant que le riz ne colle pas au fond du fait-tout. Le riz doit avoir une consistance humide et \u00ab\u00a0moelleuse\u00a0\u00bb tout en n&rsquo;attachant pas au fait-tout (le cas \u00e9ch\u00e9ant, rajoutez un peu d&rsquo;eau bouillante pour parachever la cuisson).<\/div>\n<div>\u00a0<\/div>\n<div>5) En fin de cuisson, rectifiez l&rsquo;assaisonnement en fonction de vos propres go\u00fbts. A l&rsquo;encontre du m\u00e9lange de saveurs aigres\/douces (comme dans la cuisine asiatique), le m\u00e9lange de saveurs sucr\u00e9es\/sal\u00e9es est beaucoup plus difficile \u00e0 r\u00e9aliser.<\/div>\n<div>\u00a0<\/div>\n<div>A servir imm\u00e9diatement. En r\u00e8gle g\u00e9n\u00e9rale, ce plat supporte mal d&rsquo;\u00eatre r\u00e9chauff\u00e9.<\/div>\n<div>\u00a0<\/div>\n<div>D&rsquo;autres recettes ?<\/div>\n<div>\u00a0<\/div>\n<div>\u00a0<\/div>\n<\/div>\n","protected":false},"excerpt":{"rendered":"<p>\u00a0 \u00a0 \u00a0 Les recettes de cuisine coste\u00f1a \u00a0 A l&rsquo;instar de la France, la Colombie poss\u00e8de une gastronomie \u00e9tonnante, et souvent m\u00e9connue, dont la diversit\u00e9 est bas\u00e9e sur les r\u00e9gions, les climats, les traditions et surtout sur les produits locaux. \u00a0 La c\u00f4te carib\u00e9enne (La Costa) poss\u00e8de naturellement sa propre gastronomie bas\u00e9e principalement sur &hellip; <a href=\"https:\/\/www.darloup.com\/blog\/la-colombie\/les-costenos\/gastronomie\/les-recettes-de-cuisine\/\" class=\"more-link\">Continuer la lecture<span class=\"screen-reader-text\"> de &laquo;&nbsp;Les recettes de cuisine coste\u00f1a (1)&nbsp;&raquo;<\/span><\/a><\/p>\n","protected":false},"author":1,"featured_media":0,"parent":872,"menu_order":1500,"comment_status":"open","ping_status":"open","template":"","meta":{"_monsterinsights_skip_tracking":false,"_monsterinsights_sitenote_active":false,"_monsterinsights_sitenote_note":"","_monsterinsights_sitenote_category":0,"footnotes":""},"class_list":["post-1740","page","type-page","status-publish","hentry"],"aioseo_notices":[],"jetpack_shortlink":"https:\/\/wp.me\/Pj2vv-s4","jetpack_likes_enabled":true,"jetpack_sharing_enabled":true,"_links":{"self":[{"href":"https:\/\/www.darloup.com\/blog\/wp-json\/wp\/v2\/pages\/1740","targetHints":{"allow":["GET"]}}],"collection":[{"href":"https:\/\/www.darloup.com\/blog\/wp-json\/wp\/v2\/pages"}],"about":[{"href":"https:\/\/www.darloup.com\/blog\/wp-json\/wp\/v2\/types\/page"}],"author":[{"embeddable":true,"href":"https:\/\/www.darloup.com\/blog\/wp-json\/wp\/v2\/users\/1"}],"replies":[{"embeddable":true,"href":"https:\/\/www.darloup.com\/blog\/wp-json\/wp\/v2\/comments?post=1740"}],"version-history":[{"count":53,"href":"https:\/\/www.darloup.com\/blog\/wp-json\/wp\/v2\/pages\/1740\/revisions"}],"predecessor-version":[{"id":4836,"href":"https:\/\/www.darloup.com\/blog\/wp-json\/wp\/v2\/pages\/1740\/revisions\/4836"}],"up":[{"embeddable":true,"href":"https:\/\/www.darloup.com\/blog\/wp-json\/wp\/v2\/pages\/872"}],"wp:attachment":[{"href":"https:\/\/www.darloup.com\/blog\/wp-json\/wp\/v2\/media?parent=1740"}],"curies":[{"name":"wp","href":"https:\/\/api.w.org\/{rel}","templated":true}]}}