{"id":1903,"date":"2009-08-07T18:14:45","date_gmt":"2009-08-07T16:14:45","guid":{"rendered":"http:\/\/www.darloup.com\/blog\/?page_id=1903"},"modified":"2021-03-17T02:07:33","modified_gmt":"2021-03-17T07:07:33","slug":"les-recettes-de-cuisine-costena-4","status":"publish","type":"page","link":"https:\/\/www.darloup.com\/blog\/la-colombie\/les-costenos\/gastronomie\/les-recettes-de-cuisine-costena-4\/","title":{"rendered":"Les recettes de cuisine coste\u00f1a (4)"},"content":{"rendered":"<table cellspacing=\"10\" align=\"center\">\n<tbody>\n<tr>\n<td><img loading=\"lazy\" decoding=\"async\" src=\"http:\/\/www.darloup.com\/blog\/pix\/flag.jpg\" alt=\"Drapeau de la Colombie\" width=\"121\" height=\"81\" align=\"middle\" border=\"0\" \/><\/td>\n<td><img loading=\"lazy\" decoding=\"async\" src=\"http:\/\/www.darloup.com\/blog\/pix\/flagatl.jpg\" alt=\"Drapeau de l'Atl\u00e1ntico\" width=\"121\" height=\"73\" border=\"0\" \/><\/td>\n<td><img loading=\"lazy\" decoding=\"async\" src=\"http:\/\/www.darloup.com\/blog\/pix\/flagbar.jpg\" alt=\"Drapeau de Barranquilla\" width=\"121\" height=\"73\" border=\"0\" \/><\/td>\n<\/tr>\n<\/tbody>\n<\/table>\n<div>\u00a0<\/div>\n<div>\u00a0<\/div>\n<div>\u00a0<\/div>\n<div><span class=\"styleb\">Les recettes de cuisine <\/span><span style=\"color: #ff0000;\"><strong><span class=\"styleb\">coste\u00f1a<\/span><\/strong><\/span><br \/>\n\u00a0<\/div>\n<div>A l&rsquo;instar de la France, la Colombie poss\u00e8de une gastronomie \u00e9tonnante, et souvent m\u00e9connue, dont la diversit\u00e9 est bas\u00e9e sur les r\u00e9gions, les climats, les traditions et surtout sur les produits locaux.<\/div>\n<div>\u00a0<\/div>\n<div>La c\u00f4te carib\u00e9enne (<span style=\"color: #ff0000;\"><strong>La Costa<\/strong><\/span>) poss\u00e8de naturellement sa propre gastronomie bas\u00e9e principalement sur les produits de la mer et l&rsquo;abondance de fruits et l\u00e9gumes dans cette r\u00e9gion chaude et humide \u2013 sans oublier les omnipr\u00e9sentes soupes (en d\u00e9pit du climat de La C\u00f4te) !<\/div>\n<div>\u00a0<\/div>\n<div>Explorons donc ensemble les diff\u00e9rentes recettes de cuisine de la gastronomie <span style=\"color: #ff0000;\"><strong>coste\u00f1a<\/strong><\/span> !<\/div>\n<div>\u00a0<\/div>\n<div><u><strong>Note<\/strong><\/u> : <a href=\"mailto:darloup@darloup.com?subject=Recette de cuisine\">Contactez-moi<\/a> pour partager vos recettes pr\u00e9f\u00e9r\u00e9es de la gastronomie <span style=\"color: #ff0000;\"><strong>coste\u00f1a<\/strong><\/span>, que ce soit un plat typique de La C\u00f4te ou bien m\u00eame une recette de jus de fruit. Je me ferai un plaisir de la publier dans cette section.<\/div>\n<div>\u00a0<\/div>\n<div><span class=\"stylec\">4) Arepas de queso<\/span> <strong>(Arepas au fromage)<\/strong><\/div>\n<div>\u00a0<\/div>\n<div>Tr\u00e8s populaires en Colombie, les arepas sont des galettes de ma\u00efs qui remplacent le pain. Chaque r\u00e9gion poss\u00e8dent ses propres variantes. Elles peuvent \u00eatre fourr\u00e9es (fromage, viande, poulet, oeuf, etc.) ou bien utilis\u00e9es comme \u00ab\u00a0sandwich\u00a0\u00bb. La recette pr\u00e9sent\u00e9e ici est la version coste\u00f1a (au fromage de La C\u00f4te).<\/div>\n<div>\u00a0<\/div>\n<table cellspacing=\"10\" align=\"center\">\n<tbody>\n<tr>\n<td valign=\"bottom\"><a title=\"Arepas au fromage\" href=\"http:\/\/www.darloup.com\/blog\/pix\/arepas.jpg\" rel=\"lightbox\"><img loading=\"lazy\" decoding=\"async\" title=\"(cliquer pour agrandir)\" src=\"http:\/\/www.darloup.com\/blog\/pix\/arepas.jpg\" alt=\"\" width=\"200\" height=\"150\" align=\"center\" border=\"0\" \/><\/a><center>Arepas au fromage<\/center><\/td>\n<td valign=\"bottom\"><a title=\"Fromage coste\u00f1o\" href=\"http:\/\/www.darloup.com\/blog\/pix\/fromagecosteno.jpg\" rel=\"lightbox\"><img loading=\"lazy\" decoding=\"async\" title=\"(cliquer pour agrandir)\" src=\"http:\/\/www.darloup.com\/blog\/pix\/fromagecosteno.jpg\" alt=\"\" width=\"200\" height=\"150\" align=\"center\" border=\"0\" \/><\/a><center>Fromage coste\u00f1o<\/center><\/td>\n<\/tr>\n<\/tbody>\n<\/table>\n<div>\u00a0<\/div>\n<div><strong><u>Recette fournie par<\/u> : Carla<\/strong><\/div>\n<div>\u00a0<\/div>\n<div><strong><u>Ingr\u00e9dients<\/u> : (pour 10 arepas de grande taille)<\/strong><\/div>\n<div>\u00a0<\/div>\n<div>&#8211; 500 grammes de farine blanche de ma\u00efs pr\u00e9cuit<\/div>\n<div>&#8211; 1 x tasse (230 ml) de lait ti\u00e8de<\/div>\n<div>&#8211; 500 grammes de fromage coste\u00f1o<\/div>\n<div>&#8211; 125 grammes de beurre<\/div>\n<div>&#8211; 1 x tasse (230 ml) d&rsquo;eau ti\u00e8de<\/div>\n<div>&#8211; Sel (\u00e0 votre go\u00fbt)<\/div>\n<div>\u00a0<\/div>\n<div><strong><u>Notes sur les ingr\u00e9dients<\/u> :<\/strong><\/div>\n<div>\u00a0<\/div>\n<div>&#8211; Vous pouvez utiliser de la farine jaune de ma\u00efs pr\u00e9cuit, mais le go\u00fbt sera totalement diff\u00e9rent. Il est pr\u00e9f\u00e9rable d&rsquo;utiliser de la farine blanche pour cette recette<\/div>\n<div>&#8211; Bien naturellement, le fromage cote\u00f1o n&rsquo;est pas trop disponible en France ! Remplacez-le par de la feta (le fromage grec)<\/div>\n<div>\u00a0<\/div>\n<div><strong><u>Instructions<\/u> :<\/strong><\/div>\n<div>\u00a0<\/div>\n<div>&#8211; Versez la farine dans un grand bol, puis ajoutez le beurre, le lait et une pinc\u00e9e de sel.<\/div>\n<div>\u00a0<\/div>\n<div>&#8211; Commencez \u00e0 p\u00e9trir les ingr\u00e9dients. Rajoutez l&rsquo;eau ti\u00e8de, par petites quantit\u00e9s, au fur et \u00e0 mesure que vous p\u00e9trissez. Vous devez obtenir une p\u00e2te qui soit ni trop lourde ni trop l\u00e9g\u00e8re.<\/div>\n<div>\u00a0<\/div>\n<div>&#8211; Ajoutez \u00e0 la p\u00e2te le fromage en tous petits morceaux ou bien, pr\u00e9f\u00e9rablement, en miettes si vous utilisez de la feta (il est conseill\u00e9 de r\u00e2per le fromage si vous utilisez du fromage coste\u00f1o). Continuez \u00e0 p\u00e9trir jusqu&rsquo;\u00e0 ce que le fromage soit bien incorpor\u00e9 \u00e0 la p\u00e2te.<\/div>\n<div>\u00a0<\/div>\n<div>Prenez maintenant une quantit\u00e9 de p\u00e2te que vous roulerez entre vos mains afin de former une boule (souvenez-vous que cette recette est pour 10 grandes arepas, mais vous pouvez bien s\u00fbr en faire des plus petites). Posez cette boule sur votre plan de travail et, avec la paume de votre main, aplatissez-la afin d&rsquo;obtenir une galette ronde d&rsquo;environ 2 centim\u00e8tres d&rsquo;\u00e9paisseur. Utilisez vos doigts afin d&rsquo;obtenir une galette bien ronde.<\/div>\n<div>\u00a0<\/div>\n<div>Apr\u00e8s avoir fa\u00e7onn\u00e9 vos galettes, faites-les frire dans de l&rsquo;huile bien chaude\u00a0(environ 3 minutes de <u>chaque<\/u> c\u00f4t\u00e9).<\/div>\n<div>\u00a0<\/div>\n<div>&#8211; Vous pouvez alors d\u00e9guster vos arepas telles quelles, ou bien vous pouvez les ouvrir en deux et les fourrer avec du fromage coste\u00f1o r\u00e2p\u00e9 (ou bien avec de la feta en miettes) &#8211; ou, bien s\u00fbr, avec du poulet, etc.<\/div>\n<p>&nbsp;<\/p>\n","protected":false},"excerpt":{"rendered":"<p>\u00a0 \u00a0 \u00a0 Les recettes de cuisine coste\u00f1a \u00a0 A l&rsquo;instar de la France, la Colombie poss\u00e8de une gastronomie \u00e9tonnante, et souvent m\u00e9connue, dont la diversit\u00e9 est bas\u00e9e sur les r\u00e9gions, les climats, les traditions et surtout sur les produits locaux. \u00a0 La c\u00f4te carib\u00e9enne (La Costa) poss\u00e8de naturellement sa propre gastronomie bas\u00e9e principalement sur &hellip; <a href=\"https:\/\/www.darloup.com\/blog\/la-colombie\/les-costenos\/gastronomie\/les-recettes-de-cuisine-costena-4\/\" class=\"more-link\">Continuer la lecture<span class=\"screen-reader-text\"> de &laquo;&nbsp;Les recettes de cuisine coste\u00f1a (4)&nbsp;&raquo;<\/span><\/a><\/p>\n","protected":false},"author":1,"featured_media":0,"parent":872,"menu_order":1503,"comment_status":"open","ping_status":"open","template":"","meta":{"_monsterinsights_skip_tracking":false,"_monsterinsights_sitenote_active":false,"_monsterinsights_sitenote_note":"","_monsterinsights_sitenote_category":0,"footnotes":""},"class_list":["post-1903","page","type-page","status-publish","hentry"],"aioseo_notices":[],"jetpack_shortlink":"https:\/\/wp.me\/Pj2vv-uH","jetpack_likes_enabled":true,"jetpack_sharing_enabled":true,"_links":{"self":[{"href":"https:\/\/www.darloup.com\/blog\/wp-json\/wp\/v2\/pages\/1903","targetHints":{"allow":["GET"]}}],"collection":[{"href":"https:\/\/www.darloup.com\/blog\/wp-json\/wp\/v2\/pages"}],"about":[{"href":"https:\/\/www.darloup.com\/blog\/wp-json\/wp\/v2\/types\/page"}],"author":[{"embeddable":true,"href":"https:\/\/www.darloup.com\/blog\/wp-json\/wp\/v2\/users\/1"}],"replies":[{"embeddable":true,"href":"https:\/\/www.darloup.com\/blog\/wp-json\/wp\/v2\/comments?post=1903"}],"version-history":[{"count":18,"href":"https:\/\/www.darloup.com\/blog\/wp-json\/wp\/v2\/pages\/1903\/revisions"}],"predecessor-version":[{"id":4842,"href":"https:\/\/www.darloup.com\/blog\/wp-json\/wp\/v2\/pages\/1903\/revisions\/4842"}],"up":[{"embeddable":true,"href":"https:\/\/www.darloup.com\/blog\/wp-json\/wp\/v2\/pages\/872"}],"wp:attachment":[{"href":"https:\/\/www.darloup.com\/blog\/wp-json\/wp\/v2\/media?parent=1903"}],"curies":[{"name":"wp","href":"https:\/\/api.w.org\/{rel}","templated":true}]}}