{"id":1977,"date":"2010-03-31T10:17:29","date_gmt":"2010-03-31T09:17:29","guid":{"rendered":"http:\/\/www.darloup.com\/blog\/?page_id=1977"},"modified":"2021-03-17T02:08:49","modified_gmt":"2021-03-17T07:08:49","slug":"les-recettes-de-cuisine-costena-5","status":"publish","type":"page","link":"https:\/\/www.darloup.com\/blog\/la-colombie\/les-costenos\/gastronomie\/les-recettes-de-cuisine-costena-5\/","title":{"rendered":"Les recettes de cuisine coste\u00f1a (5)"},"content":{"rendered":"<p>&nbsp;<\/p>\n<table cellspacing=\"10\" align=\"center\">\n<tbody>\n<tr>\n<td><img loading=\"lazy\" decoding=\"async\" class=\"aligncenter\" src=\"http:\/\/www.darloup.com\/blog\/pix\/flag.jpg\" alt=\"Drapeau de la Colombie\" width=\"121\" height=\"81\" align=\"middle\" border=\"0\" \/><\/td>\n<td><img loading=\"lazy\" decoding=\"async\" class=\"aligncenter\" src=\"http:\/\/www.darloup.com\/blog\/pix\/flagatl.jpg\" alt=\"Drapeau de l'Atl\u00e1ntico\" width=\"121\" height=\"73\" border=\"0\" \/><\/td>\n<td style=\"text-align: center;\"><img loading=\"lazy\" decoding=\"async\" class=\"aligncenter\" src=\"http:\/\/www.darloup.com\/blog\/pix\/flagbar.jpg\" alt=\"Drapeau de Barranquilla\" width=\"121\" height=\"73\" border=\"0\" \/><\/td>\n<\/tr>\n<\/tbody>\n<\/table>\n<div>\u00a0<\/div>\n<div><span class=\"styleb\">Les recettes de cuisine <\/span><span style=\"color: #ff0000;\"><strong><span class=\"styleb\">coste\u00f1a<\/span><\/strong><\/span><\/div>\n<div>\u00a0<\/div>\n<div>A l&rsquo;instar de la France, la Colombie poss\u00e8de une gastronomie \u00e9tonnante, et souvent m\u00e9connue, dont la diversit\u00e9 est bas\u00e9e sur les r\u00e9gions, les climats, les traditions et surtout sur les produits locaux.<\/div>\n<div>\u00a0<\/div>\n<div>La c\u00f4te carib\u00e9enne (<span style=\"color: #ff0000;\"><strong>La Costa<\/strong><\/span>) poss\u00e8de naturellement sa propre gastronomie bas\u00e9e principalement sur les produits de la mer et l&rsquo;abondance de fruits et l\u00e9gumes dans cette r\u00e9gion chaude et humide \u2013 sans oublier les omnipr\u00e9sentes soupes (en d\u00e9pit du climat de La C\u00f4te) !<\/div>\n<div>\u00a0<\/div>\n<div>Explorons donc ensemble les diff\u00e9rentes recettes de cuisine de la gastronomie <span style=\"color: #ff0000;\"><strong>coste\u00f1a<\/strong><\/span> !<\/div>\n<div>\u00a0<\/div>\n<div><u><strong>Note<\/strong><\/u> : <a href=\"mailto:darloup@darloup.com?subject=Recette de cuisine\">Contactez-moi<\/a> pour partager vos recettes pr\u00e9f\u00e9r\u00e9es de la gastronomie <span style=\"color: #ff0000;\"><strong>coste\u00f1a<\/strong><\/span>, que ce soit un plat typique de La C\u00f4te ou bien m\u00eame une recette de jus de fruit. Je me ferai un plaisir de la publier dans cette section.<\/div>\n<div>\u00a0<\/div>\n<div><span class=\"stylec\">5) Pechugas de pollo con salsa de mango o de maracuy\u00e1<\/span> <strong>(Filets de poulet &#8211; sauce \u00e0 la mangue ou aux fruits de la passion)<\/strong><\/div>\n<div>\u00a0<\/div>\n<div>Ce plat est consid\u00e9r\u00e9 comme un plat festif traditionnellement servi lors de repas d\u2019anniversaire (ou bien d\u2019occasions \u00ab\u00a0sp\u00e9ciales\u00a0\u00bb). Il est cependant d\u2019une simplicit\u00e9 <u>enfantine<\/u> \u00e0 r\u00e9aliser).<\/div>\n<div>\u00a0<\/div>\n<table cellspacing=\"10\" align=\"center\">\n<tbody>\n<tr>\n<td valign=\"bottom\">\n<p style=\"text-align: center;\"><a title=\"Filets de poulet - sauce \u00e0 la mangue ou aux fruits de la passion\" href=\"http:\/\/www.darloup.com\/blog\/pix\/pechugas.jpg\" rel=\"lightbox\"><img loading=\"lazy\" decoding=\"async\" class=\"aligncenter\" title=\"(cliquer pour agrandir)\" src=\"http:\/\/www.darloup.com\/blog\/pix\/pechugas.jpg\" alt=\"\" width=\"200\" height=\"133\" align=\"center\" border=\"0\" \/><\/a>\u00a0<em><strong>Filets de poulet &#8211; sauce \u00e0 la mangue ou aux fruits de la passion<\/strong><\/em><\/p>\n<\/td>\n<\/tr>\n<\/tbody>\n<\/table>\n<div><strong><u>Recette fournie par<\/u> : Carla<\/strong><\/div>\n<div>\u00a0<\/div>\n<div><strong><u>Ingr\u00e9dients<\/u> : (pour 4 personnes)<\/strong><\/div>\n<div>\u00a0<\/div>\n<div>&#8211; 4 x filets de poulets (300 grammes chacun)<\/div>\n<div>&#8211; 250 ml de jus de mangue (ou de fruits de la passion)<\/div>\n<div>&#8211; un peu de moutarde de Dijon<\/div>\n<div>&#8211; Sel et \u00e0 poivre (\u00e0 votre go\u00fbt)<\/div>\n<div>\u00a0<\/div>\n<div><strong><u>Notes sur les ingr\u00e9dients<\/u> :<\/strong><\/div>\n<div>\u00a0<\/div>\n<div>&#8211; Utilisez du jus de mangue si vous pr\u00e9f\u00e9rez une saveur plus douce ou du jus de fruits de la passion si vous pr\u00e9f\u00e9rez une saveur plus acidul\u00e9e<\/div>\n<div>&#8211; Vous pouvez utiliser soit du jus nature de fruit (que vous extrairez vous-m\u00eame) soit du jus de fruit disponible en supermarch\u00e9. Dans ce dernier cas, assurez vous cependant d\u2019acheter du 100% jus de fruit naturel sans sucre ajout\u00e9 (\u00e9vitez donc les nectars de fruit qui seront trop sucr\u00e9s)<\/div>\n<div>\u00a0<\/div>\n<div><strong><u>Instructions<\/u> :<\/strong><\/div>\n<div>\u00a0<\/div>\n<div>&#8211; Badigeonnez les filets avec de la moutarde selon votre propre go\u00fbt. <strong><u>Attention<\/u> :<\/strong> Vous ne devez pas recouvrir les filets avec la moutarde, mais simplement les badigeonner des deux c\u00f4t\u00e9s. Compter environ une cuill\u00e8re \u00e0 caf\u00e9 de moutarde pour chaque filet.<\/div>\n<div>\u00a0<\/div>\n<div>&#8211; Salez et poivrez (des deux c\u00f4t\u00e9s) \u00e0 votre go\u00fbt.<\/div>\n<div>\u00a0<\/div>\n<div>&#8211; Faites frire \u00ab\u00a0\u00e0 la plancha\u00a0\u00bb (c&rsquo;est-\u00e0-dire sur un grill l\u00e9g\u00e8rement huil\u00e9) jusqu\u2019\u00e0 ce que les filets soit totalement cuits (10-15 minutes de cuisson)<\/div>\n<div>\u00a0<\/div>\n<div>&#8211; Transf\u00e9rez ensuite les filets dans une po\u00eale et ajoutez-y le jus de fruit de votre choix. Assurez-vous que les filets soient bien recouverts par le jus de fruit.<\/div>\n<div>\u00a0<\/div>\n<div>&#8211; Faites revenir \u00e0 feu doux, <b><u>sans couvercle<\/u><\/b>, pendant 10-15 minutes. Le but de cette op\u00e9ration est de faire r\u00e9duire le jus de fruit par \u00e9vaporation jusqu\u2019\u00e0 ce qu\u2019il s\u2019\u00e9paississe pour devenir une sauce onctueuse. N\u2019oubliez-pas de retourner les filets toutes les 3-4 minutes afin qu\u2019ils ne dess\u00e8chent pas.<\/div>\n<div>\u00a0<\/div>\n<div>Ce plat est id\u00e9alement servi avec du riz blanc.<\/div>\n<p>&nbsp;<\/p>\n<p>&nbsp;<\/p>\n","protected":false},"excerpt":{"rendered":"<p>&nbsp; \u00a0 Les recettes de cuisine coste\u00f1a \u00a0 A l&rsquo;instar de la France, la Colombie poss\u00e8de une gastronomie \u00e9tonnante, et souvent m\u00e9connue, dont la diversit\u00e9 est bas\u00e9e sur les r\u00e9gions, les climats, les traditions et surtout sur les produits locaux. \u00a0 La c\u00f4te carib\u00e9enne (La Costa) poss\u00e8de naturellement sa propre gastronomie bas\u00e9e principalement sur les &hellip; <a href=\"https:\/\/www.darloup.com\/blog\/la-colombie\/les-costenos\/gastronomie\/les-recettes-de-cuisine-costena-5\/\" class=\"more-link\">Continuer la lecture<span class=\"screen-reader-text\"> de &laquo;&nbsp;Les recettes de cuisine coste\u00f1a (5)&nbsp;&raquo;<\/span><\/a><\/p>\n","protected":false},"author":1,"featured_media":0,"parent":872,"menu_order":1505,"comment_status":"open","ping_status":"open","template":"","meta":{"_monsterinsights_skip_tracking":false,"_monsterinsights_sitenote_active":false,"_monsterinsights_sitenote_note":"","_monsterinsights_sitenote_category":0,"footnotes":""},"class_list":["post-1977","page","type-page","status-publish","hentry"],"aioseo_notices":[],"jetpack_shortlink":"https:\/\/wp.me\/Pj2vv-vT","jetpack_likes_enabled":true,"jetpack_sharing_enabled":true,"_links":{"self":[{"href":"https:\/\/www.darloup.com\/blog\/wp-json\/wp\/v2\/pages\/1977","targetHints":{"allow":["GET"]}}],"collection":[{"href":"https:\/\/www.darloup.com\/blog\/wp-json\/wp\/v2\/pages"}],"about":[{"href":"https:\/\/www.darloup.com\/blog\/wp-json\/wp\/v2\/types\/page"}],"author":[{"embeddable":true,"href":"https:\/\/www.darloup.com\/blog\/wp-json\/wp\/v2\/users\/1"}],"replies":[{"embeddable":true,"href":"https:\/\/www.darloup.com\/blog\/wp-json\/wp\/v2\/comments?post=1977"}],"version-history":[{"count":12,"href":"https:\/\/www.darloup.com\/blog\/wp-json\/wp\/v2\/pages\/1977\/revisions"}],"predecessor-version":[{"id":4843,"href":"https:\/\/www.darloup.com\/blog\/wp-json\/wp\/v2\/pages\/1977\/revisions\/4843"}],"up":[{"embeddable":true,"href":"https:\/\/www.darloup.com\/blog\/wp-json\/wp\/v2\/pages\/872"}],"wp:attachment":[{"href":"https:\/\/www.darloup.com\/blog\/wp-json\/wp\/v2\/media?parent=1977"}],"curies":[{"name":"wp","href":"https:\/\/api.w.org\/{rel}","templated":true}]}}